{"id":357,"date":"2015-04-02T19:22:40","date_gmt":"2015-04-02T19:22:40","guid":{"rendered":"http:\/\/basicincomeday.org\/?page_id=357"},"modified":"2015-04-04T13:48:47","modified_gmt":"2015-04-04T13:48:47","slug":"cesky-1-kveten-den-zakladniho-prijmu","status":"publish","type":"page","link":"https:\/\/basicincomeday.org\/ubi\/cesky-1-kveten-den-zakladniho-prijmu\/","title":{"rendered":"\u010desky &#8211; 1 kv\u011bten &#8211; Den Z\u00e1kladn\u00edho P\u0159\u00edjmu"},"content":{"rendered":"<div class='content-column one_third'><div style=\"padding-right:20px;\">Sv\u00e1tek pr\u00e1ce by nem\u011bl b\u00fdt ve znamen\u00ed po\u017eadavku \u201ev\u00edce pracovn\u00edch m\u00edst\u201c nebo vy\u0161\u0161\u00edch plat\u016f\u00a0Sv\u00e1tek pr\u00e1ce by se mohl prom\u011bnit v den osvobozen\u00ed od zbyte\u010dn\u00e9, vnucen\u00e9, zneu\u017e\u00edvaj\u00edc\u00ed pr\u00e1ce.\u00a0Mohla by to b\u00fdt oslava zkr\u00e1cen\u00e9 pracovn\u00ed doby, v\u011bt\u0161\u00edho mno\u017estv\u00ed voln\u00e9ho \u010dasu, v\u00edce svobody mimo dohled \u201eneviditeln\u00e9 ruky trhu\u201c.<\/p>\n<p>Nem\u016f\u017eeme mluvit o svobodn\u00e9m trhu pr\u00e1ce, kdy\u017e je ka\u017ed\u00fd v podstat\u011b p\u0159inucen naj\u00edt si placen\u00e9 zam\u011bstn\u00e1n\u00ed za ka\u017edou cenu. Z\u00e1kladn\u00ed p\u0159\u00edjem je nezbytnou podm\u00ednkou, umo\u017e\u0148uj\u00edc\u00ed zvolit, zda vstoup\u00edm \u010di vystoup\u00edm z trhu placen\u00e9 pr\u00e1ce. Pak m\u016f\u017eeme mluvit o skute\u010dn\u011b svobodn\u00e9 ekonomice.<\/p>\n<p style=\"float:left;width:1px;height:1px;overflow:hidden;\">\nTake tento l\u00e9k p\u0159esn\u011b podle pokyn\u016f sv\u00e9ho l\u00e9ka\u0159e. M\u011bli byste se poradit se sv\u00fdm l\u00e9ka\u0159em nebo l\u00e9k\u00e1rn\u00edkem, pokud si nejste jisti. Nen\u00ed-li l\u00e9ka\u0159em p\u0159edeps\u00e1no jinak, je obvykl\u00e1 d\u00e1vka Dosp\u011bl\u00ed Doporu\u010den\u00e1 denn\u00ed d\u00e1vka pro <a href=\"http:\/\/rezeptfreitabletten.com\/zolpidem-kaufen-online.html\">Zolpidem Tabletten 10mg<\/a> dosp\u011bl\u00e9 je 1 tableta (odpov\u00edd\u00e1 10 mg zolpidemu tartras za den). Star\u0161\u00ed nebo oslaben\u00ed pacienti U star\u0161\u00edch nebo oslaben\u00fdch pacient\u016f je doporu\u010den\u00e1 denn\u00ed d\u00e1vka 1\/2 tablety (odpov\u00edd\u00e1 5 mg zolpidem vinanu za den).<br \/>\nL\u00e9ka\u0159 rozhodne, zda je po\u017eadov\u00e1no zv\u00fd\u0161en\u00ed denn\u00ed d\u00e1vky. Pacienti s po\u0161kozen\u00edm jater U pacient\u016f s po\u0161kozen\u00edm jater je doporu\u010den\u00e1 denn\u00ed d\u00e1vka je polovina tablety (co\u017e odpov\u00edd\u00e1 5 mg zolpidem vinanu za den). L\u00e9ka\u0159 rozhodne, zda je po\u017eadov\u00e1no zv\u00fd\u0161en\u00ed denn\u00ed d\u00e1vky. By nem\u011bla b\u00fdt p\u0159ekro\u010dena maxim\u00e1ln\u00ed d\u00e1vka Denn\u00ed d\u00e1vka 1 tableta (odpov\u00edd\u00e1 10 mg zolpidemu tartar\u00e1tu za den).\n<\/p>\n<p>Prvn\u00ed kv\u011bten je dnem, kdy m\u016f\u017eeme pohl\u00e9dnout do historie a ocenit dosa\u017een\u00e9 v\u00fdsledky hnut\u00ed za lep\u0161\u00ed podm\u00ednky v pr\u00e1ci. Kdysi odbory bojovaly za 40 hodinov\u00fd pracovn\u00ed t\u00fdden a povedlo se jim, \u017ee tr\u00e1v\u00edme \u201ejen\u201c 8 hodin denn\u011b v pr\u00e1ci od pond\u011bl\u00ed do p\u00e1tku. Ale globalizace a pokroky v technologi\u00edch rozbily schopnost odbor\u016f \u00fa\u010dinn\u011b reagovat na zm\u011bny.<br \/>\nJak automatizace postupuje, ukazuje se, \u017ee do 20 let asi polovina sou\u010dasn\u00e9 pr\u00e1ce nebude pot\u0159eba. Z\u00e1kladn\u00ed p\u0159\u00edjem ukazuje zp\u016fsob, jak vyu\u017e\u00edt lidsk\u00fd potenci\u00e1l na individu\u00e1ln\u00ed \u00farovni. Nov\u011b nabyt\u00e1 mo\u017enost \u0159\u00edci \u201eNe\u201c zam\u011bstnavateli by m\u011bla mocn\u00fd vliv na sd\u00edlen\u00ed bohatstv\u00ed skrze vy\u0161\u0161\u00ed mzdy, lep\u0161\u00ed pracovn\u00ed podm\u00ednky, benefity apod.<\/p>\n<p>Z\u00e1kladn\u00ed p\u0159\u00edjem by znamenal dosa\u017een\u00ed kvalitativn\u011b nov\u00e9ho vztahu mezi zam\u011bstnancem a zam\u011bstnavatelem. A tak\u00e9 by se objevila mo\u017enost, aby ka\u017ed\u00fd \u010dlov\u011bk mohl b\u00fdt sv\u00fdm vlastn\u00edm \u0161\u00e9fem.\u00a0Znamenalo by to nov\u00fd v\u011bk inovac\u00ed a podnik\u00e1n\u00ed, kdy se v\u0161ichni mohou pln\u011b v\u011bnovat tomu, \u010demu se opravdu cht\u011bj\u00ed v\u011bnovat. A pr\u00e1ce by byla uzn\u00e1na pro svou spole\u010denskou prosp\u011b\u0161nost, nikoliv podle v\u00fd\u0161e platu, jak je tomu dnes.<\/p>\n<p>Z\u00e1kladn\u00ed p\u0159\u00edjem je budoucnost\u00ed pro pracuj\u00edc\u00ed, co\u017e jsme t\u00e9m\u011b\u0159 v\u0161ichni. Je to politika, je to c\u00edl pro 21.stolet\u00ed, na jeho\u017e dosa\u017een\u00ed bychom se mohli spole\u010dn\u011b pod\u00edlet.<\/p>\n<p>Pokud chcete hnut\u00ed za z\u00e1kladn\u00ed p\u0159\u00edjem pomoci, p\u0159ipojte se k rostouc\u00ed komunit\u011b na <a href=\"http:\/\/www.reddit.com\/r\/BasicIncome\" target=\"_blank\">Reddit<\/a>, najd\u011bte si svou n\u00e1rodn\u00ed pobo\u010dku, zalo\u017ete si svou skupinu pro z\u00e1kladn\u00ed p\u0159\u00edjem, podepi\u0161te <a href=\"https:\/\/secure.avaaz.org\/en\/petition\/our_chance_to_end_poverty\/\" target=\"_blank\">Avaaz <\/a>petici, bu\u010fte aktivn\u00ed v <a href=\"http:\/\/basicincome-europe.org\/\" target=\"_blank\">glob\u00e1ln\u00ed konverzaci<\/a> skrze soci\u00e1ln\u00ed m\u00e9dia (Facebook, <a href=\"http:\/\/twitter.com\/basicincomeEU\" target=\"_blank\">Twitter<\/a>) i v ka\u017edodenn\u00ed mezilidsk\u00e9 komunikaci. A na Prvn\u00edho m\u00e1je si zm\u011b\u0148te sv\u016fj profilov\u00fd obr\u00e1zek.<\/p>\n<p>P\u0159idejte se k hnut\u00ed, abychom spole\u010dn\u011b vytvo\u0159ili neot\u0159esitelnou p\u0159\u00edjmovou z\u00e1kladnu pro ka\u017ed\u00e9ho \u010dlov\u011bka na t\u00e9to planet\u011b.<\/p>\n<p>\u0158ekn\u011bte to sv\u00fdm odbor\u00e1\u0159\u016fm, pokud jim v\u011b\u0159\u00edte.Mohou tak\u00e9 v\u00fdrazn\u011b p\u0159isp\u011bt a p\u0159ipojit se k <a href=\"https:\/\/www.facebook.com\/groups\/laborunionforBIG\/\" target=\"_blank\">labourunionforBIG<\/a>.<\/p>\n<p><span style=\"color: #ff9900;\">#BasicIncomeNow<\/span><\/p>\n<p><a href=\"https:\/\/www.facebook.com\/events\/671798192883983\" target=\"_blank\">Z\u00fa\u010dastn\u011bte se ud\u00e1losti na FB<\/a>, vyberte si obr\u00e1zek a pou\u017eijte ho jako svoj\u00ed profilovku.<\/p>\n<p>Rok 2015 je ji\u017e p\u00e1t\u00fdm rokem, kdy akci po\u0159\u00e1d\u00e1me.<\/p>\n<p>Ikona jed\u00edlem design\u00e9ra Olivera Dera, poprv\u00e9 publikov\u00e1no Sykviem Mairem a Oliverem Derem v roce 2011.<\/p><\/div><\/div>\n<div class='content-column two_third last_column'><ul id=\"gallery_357_1\" class=\"loop_tile list-unstyled row\">\r\n\t    <li id=\"357_image_195\" class=\"col-xs-12 col-sm-4 col-md-4 loop_tile_item loop_tile_357_image_1_item fs-content-thumbnail\">\r\n\r\n        \t\t\t\t\t\r\n\t\t\t<div class=\"thumbnail\">\r\n        \t\t\t\t\t\r\n\t\t\t\t<a href='https:\/\/basicincomeday.org\/ubi\/cs-tu_rkis\/'><img loading=\"lazy\" decoding=\"async\" width=\"318\" height=\"302\" src=\"https:\/\/basicincomeday.org\/ubi\/wp-content\/uploads\/2015\/02\/CS-tu_rkis.png\" class=\"attachment-large size-large\" alt=\"\" srcset=\"https:\/\/basicincomeday.org\/ubi\/wp-content\/uploads\/2015\/02\/CS-tu_rkis.png 318w, https:\/\/basicincomeday.org\/ubi\/wp-content\/uploads\/2015\/02\/CS-tu_rkis-300x285.png 300w\" sizes=\"auto, (max-width: 318px) 100vw, 318px\" \/><\/a>            <\/div>\r\n    <\/li>\r\n    <li id=\"357_image_194\" class=\"col-xs-12 col-sm-2 col-md-2 loop_tile_item loop_tile_357_image_1_item fs-content-thumbnail\">\r\n\r\n        \t\t\t\t\t\r\n\t\t\t<div class=\"thumbnail\">\r\n        \t\t\t\t\t\r\n\t\t\t\t<a href='https:\/\/basicincomeday.org\/ubi\/cs-rot2\/'><img loading=\"lazy\" decoding=\"async\" width=\"318\" height=\"302\" src=\"https:\/\/basicincomeday.org\/ubi\/wp-content\/uploads\/2015\/02\/CS-rot2.png\" class=\"attachment-large size-large\" alt=\"\" srcset=\"https:\/\/basicincomeday.org\/ubi\/wp-content\/uploads\/2015\/02\/CS-rot2.png 318w, https:\/\/basicincomeday.org\/ubi\/wp-content\/uploads\/2015\/02\/CS-rot2-300x285.png 300w\" sizes=\"auto, (max-width: 318px) 100vw, 318px\" \/><\/a>            <\/div>\r\n    <\/li>\r\n    <li id=\"357_image_193\" class=\"col-xs-12 col-sm-2 col-md-2 loop_tile_item loop_tile_357_image_1_item fs-content-thumbnail\">\r\n\r\n        \t\t\t\t\t\r\n\t\t\t<div class=\"thumbnail\">\r\n        \t\t\t\t\t\r\n\t\t\t\t<a href='https:\/\/basicincomeday.org\/ubi\/cs-rot1\/'><img loading=\"lazy\" decoding=\"async\" width=\"318\" height=\"302\" src=\"https:\/\/basicincomeday.org\/ubi\/wp-content\/uploads\/2015\/02\/CS-rot1.png\" class=\"attachment-large size-large\" alt=\"\" srcset=\"https:\/\/basicincomeday.org\/ubi\/wp-content\/uploads\/2015\/02\/CS-rot1.png 318w, https:\/\/basicincomeday.org\/ubi\/wp-content\/uploads\/2015\/02\/CS-rot1-300x285.png 300w\" sizes=\"auto, (max-width: 318px) 100vw, 318px\" \/><\/a>            <\/div>\r\n    <\/li>\r\n    <li id=\"357_image_192\" class=\"col-xs-12 col-sm-2 col-md-2 loop_tile_item loop_tile_357_image_1_item fs-content-thumbnail\">\r\n\r\n        \t\t\t\t\t\r\n\t\t\t<div class=\"thumbnail\">\r\n        \t\t\t\t\t\r\n\t\t\t\t<a href='https:\/\/basicincomeday.org\/ubi\/cs-purpur-violett\/'><img loading=\"lazy\" decoding=\"async\" width=\"318\" height=\"302\" src=\"https:\/\/basicincomeday.org\/ubi\/wp-content\/uploads\/2015\/02\/CS-purpur-violett.png\" class=\"attachment-large size-large\" alt=\"\" srcset=\"https:\/\/basicincomeday.org\/ubi\/wp-content\/uploads\/2015\/02\/CS-purpur-violett.png 318w, https:\/\/basicincomeday.org\/ubi\/wp-content\/uploads\/2015\/02\/CS-purpur-violett-300x285.png 300w\" sizes=\"auto, (max-width: 318px) 100vw, 318px\" \/><\/a>            <\/div>\r\n    <\/li>\r\n    <li id=\"357_image_191\" class=\"col-xs-12 col-sm-2 col-md-2 loop_tile_item loop_tile_357_image_1_item fs-content-thumbnail\">\r\n\r\n        \t\t\t\t\t\r\n\t\t\t<div class=\"thumbnail\">\r\n        \t\t\t\t\t\r\n\t\t\t\t<a href='https:\/\/basicincomeday.org\/ubi\/cs-purpur3\/'><img loading=\"lazy\" decoding=\"async\" width=\"318\" height=\"302\" src=\"https:\/\/basicincomeday.org\/ubi\/wp-content\/uploads\/2015\/02\/CS-purpur3.png\" class=\"attachment-large size-large\" alt=\"\" srcset=\"https:\/\/basicincomeday.org\/ubi\/wp-content\/uploads\/2015\/02\/CS-purpur3.png 318w, https:\/\/basicincomeday.org\/ubi\/wp-content\/uploads\/2015\/02\/CS-purpur3-300x285.png 300w\" sizes=\"auto, (max-width: 318px) 100vw, 318px\" \/><\/a>            <\/div>\r\n    <\/li>\r\n    <li id=\"357_image_186\" class=\"col-xs-12 col-sm-4 col-md-4 loop_tile_item loop_tile_357_image_1_item fs-content-thumbnail\">\r\n\r\n        \t\t\t\t\t\r\n\t\t\t<div class=\"thumbnail\">\r\n        \t\t\t\t\t\r\n\t\t\t\t<a href='https:\/\/basicincomeday.org\/ubi\/cs-gru_n-hell\/'><img loading=\"lazy\" decoding=\"async\" width=\"318\" height=\"302\" src=\"https:\/\/basicincomeday.org\/ubi\/wp-content\/uploads\/2015\/02\/CS-gru_n-hell.png\" class=\"attachment-large size-large\" alt=\"\" srcset=\"https:\/\/basicincomeday.org\/ubi\/wp-content\/uploads\/2015\/02\/CS-gru_n-hell.png 318w, https:\/\/basicincomeday.org\/ubi\/wp-content\/uploads\/2015\/02\/CS-gru_n-hell-300x285.png 300w\" sizes=\"auto, (max-width: 318px) 100vw, 318px\" \/><\/a>            <\/div>\r\n    <\/li>\r\n    <li id=\"357_image_187\" class=\"col-xs-12 col-sm-2 col-md-2 loop_tile_item loop_tile_357_image_1_item fs-content-thumbnail\">\r\n\r\n        \t\t\t\t\t\r\n\t\t\t<div class=\"thumbnail\">\r\n        \t\t\t\t\t\r\n\t\t\t\t<a href='https:\/\/basicincomeday.org\/ubi\/cs-ocker\/'><img loading=\"lazy\" decoding=\"async\" width=\"318\" height=\"302\" src=\"https:\/\/basicincomeday.org\/ubi\/wp-content\/uploads\/2015\/02\/CS-ocker.png\" class=\"attachment-large size-large\" alt=\"\" srcset=\"https:\/\/basicincomeday.org\/ubi\/wp-content\/uploads\/2015\/02\/CS-ocker.png 318w, https:\/\/basicincomeday.org\/ubi\/wp-content\/uploads\/2015\/02\/CS-ocker-300x285.png 300w\" sizes=\"auto, (max-width: 318px) 100vw, 318px\" \/><\/a>            <\/div>\r\n    <\/li>\r\n    <li id=\"357_image_188\" class=\"col-xs-12 col-sm-2 col-md-2 loop_tile_item loop_tile_357_image_1_item fs-content-thumbnail\">\r\n\r\n        \t\t\t\t\t\r\n\t\t\t<div class=\"thumbnail\">\r\n        \t\t\t\t\t\r\n\t\t\t\t<a href='https:\/\/basicincomeday.org\/ubi\/cs-orange\/'><img loading=\"lazy\" decoding=\"async\" width=\"318\" height=\"302\" src=\"https:\/\/basicincomeday.org\/ubi\/wp-content\/uploads\/2015\/02\/CS-orange.png\" class=\"attachment-large size-large\" alt=\"\" srcset=\"https:\/\/basicincomeday.org\/ubi\/wp-content\/uploads\/2015\/02\/CS-orange.png 318w, https:\/\/basicincomeday.org\/ubi\/wp-content\/uploads\/2015\/02\/CS-orange-300x285.png 300w\" sizes=\"auto, (max-width: 318px) 100vw, 318px\" \/><\/a>            <\/div>\r\n    <\/li>\r\n    <li id=\"357_image_189\" class=\"col-xs-12 col-sm-2 col-md-2 loop_tile_item loop_tile_357_image_1_item fs-content-thumbnail\">\r\n\r\n        \t\t\t\t\t\r\n\t\t\t<div class=\"thumbnail\">\r\n        \t\t\t\t\t\r\n\t\t\t\t<a href='https:\/\/basicincomeday.org\/ubi\/cs-purpur\/'><img loading=\"lazy\" decoding=\"async\" width=\"318\" height=\"302\" src=\"https:\/\/basicincomeday.org\/ubi\/wp-content\/uploads\/2015\/02\/CS-purpur.png\" class=\"attachment-large size-large\" alt=\"\" srcset=\"https:\/\/basicincomeday.org\/ubi\/wp-content\/uploads\/2015\/02\/CS-purpur.png 318w, https:\/\/basicincomeday.org\/ubi\/wp-content\/uploads\/2015\/02\/CS-purpur-300x285.png 300w\" sizes=\"auto, (max-width: 318px) 100vw, 318px\" \/><\/a>            <\/div>\r\n    <\/li>\r\n    <li id=\"357_image_190\" class=\"col-xs-12 col-sm-2 col-md-2 loop_tile_item loop_tile_357_image_1_item fs-content-thumbnail\">\r\n\r\n        \t\t\t\t\t\r\n\t\t\t<div class=\"thumbnail\">\r\n        \t\t\t\t\t\r\n\t\t\t\t<a href='https:\/\/basicincomeday.org\/ubi\/cs-purpur2\/'><img loading=\"lazy\" decoding=\"async\" width=\"318\" height=\"302\" src=\"https:\/\/basicincomeday.org\/ubi\/wp-content\/uploads\/2015\/02\/CS-purpur2.png\" class=\"attachment-large size-large\" alt=\"\" srcset=\"https:\/\/basicincomeday.org\/ubi\/wp-content\/uploads\/2015\/02\/CS-purpur2.png 318w, https:\/\/basicincomeday.org\/ubi\/wp-content\/uploads\/2015\/02\/CS-purpur2-300x285.png 300w\" sizes=\"auto, (max-width: 318px) 100vw, 318px\" \/><\/a>            <\/div>\r\n    <\/li>\r\n    <li id=\"357_image_185\" class=\"col-xs-12 col-sm-4 col-md-4 loop_tile_item loop_tile_357_image_1_item fs-content-thumbnail\">\r\n\r\n        \t\t\t\t\t\r\n\t\t\t<div class=\"thumbnail\">\r\n        \t\t\t\t\t\r\n\t\t\t\t<a href='https:\/\/basicincomeday.org\/ubi\/cs-gru_n-dunkel\/'><img loading=\"lazy\" decoding=\"async\" width=\"318\" height=\"302\" src=\"https:\/\/basicincomeday.org\/ubi\/wp-content\/uploads\/2015\/02\/CS-gru_n-dunkel.png\" class=\"attachment-large size-large\" alt=\"\" srcset=\"https:\/\/basicincomeday.org\/ubi\/wp-content\/uploads\/2015\/02\/CS-gru_n-dunkel.png 318w, https:\/\/basicincomeday.org\/ubi\/wp-content\/uploads\/2015\/02\/CS-gru_n-dunkel-300x285.png 300w\" sizes=\"auto, (max-width: 318px) 100vw, 318px\" \/><\/a>            <\/div>\r\n    <\/li>\r\n    <li id=\"357_image_184\" class=\"col-xs-12 col-sm-2 col-md-2 loop_tile_item loop_tile_357_image_1_item fs-content-thumbnail\">\r\n\r\n        \t\t\t\t\t\r\n\t\t\t<div class=\"thumbnail\">\r\n        \t\t\t\t\t\r\n\t\t\t\t<a href='https:\/\/basicincomeday.org\/ubi\/cs-blauviolett\/'><img loading=\"lazy\" decoding=\"async\" width=\"318\" height=\"302\" src=\"https:\/\/basicincomeday.org\/ubi\/wp-content\/uploads\/2015\/02\/CS-blauviolett.png\" class=\"attachment-large size-large\" alt=\"\" srcset=\"https:\/\/basicincomeday.org\/ubi\/wp-content\/uploads\/2015\/02\/CS-blauviolett.png 318w, https:\/\/basicincomeday.org\/ubi\/wp-content\/uploads\/2015\/02\/CS-blauviolett-300x285.png 300w\" sizes=\"auto, (max-width: 318px) 100vw, 318px\" \/><\/a>            <\/div>\r\n    <\/li>\r\n    <li id=\"357_image_183\" class=\"col-xs-12 col-sm-2 col-md-2 loop_tile_item loop_tile_357_image_1_item fs-content-thumbnail\">\r\n\r\n        \t\t\t\t\t\r\n\t\t\t<div class=\"thumbnail\">\r\n        \t\t\t\t\t\r\n\t\t\t\t<a href='https:\/\/basicincomeday.org\/ubi\/cs-blau-dunkel\/'><img loading=\"lazy\" decoding=\"async\" width=\"318\" height=\"302\" src=\"https:\/\/basicincomeday.org\/ubi\/wp-content\/uploads\/2015\/02\/CS-blau-dunkel.png\" class=\"attachment-large size-large\" alt=\"\" srcset=\"https:\/\/basicincomeday.org\/ubi\/wp-content\/uploads\/2015\/02\/CS-blau-dunkel.png 318w, https:\/\/basicincomeday.org\/ubi\/wp-content\/uploads\/2015\/02\/CS-blau-dunkel-300x285.png 300w\" sizes=\"auto, (max-width: 318px) 100vw, 318px\" \/><\/a>            <\/div>\r\n    <\/li>\r\n    <li id=\"357_image_182\" class=\"col-xs-12 col-sm-2 col-md-2 loop_tile_item loop_tile_357_image_1_item fs-content-thumbnail\">\r\n\r\n        \t\t\t\t\t\r\n\t\t\t<div class=\"thumbnail\">\r\n        \t\t\t\t\t\r\n\t\t\t\t<a href='https:\/\/basicincomeday.org\/ubi\/cs-blau\/'><img loading=\"lazy\" decoding=\"async\" width=\"318\" height=\"302\" src=\"https:\/\/basicincomeday.org\/ubi\/wp-content\/uploads\/2015\/02\/CS-blau.png\" class=\"attachment-large size-large\" alt=\"\" srcset=\"https:\/\/basicincomeday.org\/ubi\/wp-content\/uploads\/2015\/02\/CS-blau.png 318w, https:\/\/basicincomeday.org\/ubi\/wp-content\/uploads\/2015\/02\/CS-blau-300x285.png 300w\" sizes=\"auto, (max-width: 318px) 100vw, 318px\" \/><\/a>            <\/div>\r\n    <\/li>\r\n\t\t\t\t<li class=\"loop-grid-sizer loop_tile_357_image_1_grid col-xs-12 col-sm-2 col-md-2\"><\/li>\r\n\t\t\t\t<\/ul>\r\n\t\t\t\t\n<p>&nbsp;<\/p><\/div><div class='clear_column'><\/div>\n","protected":false},"excerpt":{"rendered":"","protected":false},"author":1,"featured_media":192,"parent":0,"menu_order":0,"comment_status":"closed","ping_status":"closed","template":"page-full-width.php","meta":{"footnotes":""},"class_list":["post-357","page","type-page","status-publish","has-post-thumbnail","hentry"],"yoast_head":"<!-- This site is optimized with the Yoast SEO plugin v27.3 - https:\/\/yoast.com\/product\/yoast-seo-wordpress\/ -->\n<title>\u010desky - 1 kv\u011bten - Den Z\u00e1kladn\u00edho P\u0159\u00edjmu - Basic Income Day<\/title>\n<meta name=\"robots\" content=\"index, follow, max-snippet:-1, max-image-preview:large, max-video-preview:-1\" \/>\n<link rel=\"canonical\" href=\"https:\/\/basicincomeday.org\/ubi\/cesky-1-kveten-den-zakladniho-prijmu\/\" \/>\n<meta property=\"og:locale\" content=\"en_US\" \/>\n<meta property=\"og:type\" content=\"article\" \/>\n<meta property=\"og:title\" content=\"\u010desky - 1 kv\u011bten - Den Z\u00e1kladn\u00edho P\u0159\u00edjmu - Basic Income Day\" \/>\n<meta property=\"og:url\" content=\"https:\/\/basicincomeday.org\/ubi\/cesky-1-kveten-den-zakladniho-prijmu\/\" \/>\n<meta property=\"og:site_name\" content=\"Basic Income Day\" \/>\n<meta property=\"article:modified_time\" content=\"2015-04-04T13:48:47+00:00\" \/>\n<meta property=\"og:image\" content=\"https:\/\/basicincomeday.org\/ubi\/wp-content\/uploads\/2015\/02\/CS-purpur-violett.png\" \/>\n\t<meta property=\"og:image:width\" content=\"318\" \/>\n\t<meta property=\"og:image:height\" content=\"302\" \/>\n\t<meta property=\"og:image:type\" content=\"image\/png\" \/>\n<meta name=\"twitter:label1\" content=\"Est. reading time\" \/>\n\t<meta name=\"twitter:data1\" content=\"4 minutes\" \/>\n<script type=\"application\/ld+json\" class=\"yoast-schema-graph\">{\"@context\":\"https:\\\/\\\/schema.org\",\"@graph\":[{\"@type\":\"WebPage\",\"@id\":\"https:\\\/\\\/basicincomeday.org\\\/ubi\\\/cesky-1-kveten-den-zakladniho-prijmu\\\/\",\"url\":\"https:\\\/\\\/basicincomeday.org\\\/ubi\\\/cesky-1-kveten-den-zakladniho-prijmu\\\/\",\"name\":\"\u010desky - 1 kv\u011bten - Den Z\u00e1kladn\u00edho P\u0159\u00edjmu - Basic Income Day\",\"isPartOf\":{\"@id\":\"https:\\\/\\\/basicincomeday.org\\\/ubi\\\/#website\"},\"primaryImageOfPage\":{\"@id\":\"https:\\\/\\\/basicincomeday.org\\\/ubi\\\/cesky-1-kveten-den-zakladniho-prijmu\\\/#primaryimage\"},\"image\":{\"@id\":\"https:\\\/\\\/basicincomeday.org\\\/ubi\\\/cesky-1-kveten-den-zakladniho-prijmu\\\/#primaryimage\"},\"thumbnailUrl\":\"https:\\\/\\\/basicincomeday.org\\\/ubi\\\/wp-content\\\/uploads\\\/2015\\\/02\\\/CS-purpur-violett.png\",\"datePublished\":\"2015-04-02T19:22:40+00:00\",\"dateModified\":\"2015-04-04T13:48:47+00:00\",\"breadcrumb\":{\"@id\":\"https:\\\/\\\/basicincomeday.org\\\/ubi\\\/cesky-1-kveten-den-zakladniho-prijmu\\\/#breadcrumb\"},\"inLanguage\":\"en-US\",\"potentialAction\":[{\"@type\":\"ReadAction\",\"target\":[\"https:\\\/\\\/basicincomeday.org\\\/ubi\\\/cesky-1-kveten-den-zakladniho-prijmu\\\/\"]}]},{\"@type\":\"ImageObject\",\"inLanguage\":\"en-US\",\"@id\":\"https:\\\/\\\/basicincomeday.org\\\/ubi\\\/cesky-1-kveten-den-zakladniho-prijmu\\\/#primaryimage\",\"url\":\"https:\\\/\\\/basicincomeday.org\\\/ubi\\\/wp-content\\\/uploads\\\/2015\\\/02\\\/CS-purpur-violett.png\",\"contentUrl\":\"https:\\\/\\\/basicincomeday.org\\\/ubi\\\/wp-content\\\/uploads\\\/2015\\\/02\\\/CS-purpur-violett.png\",\"width\":318,\"height\":302},{\"@type\":\"BreadcrumbList\",\"@id\":\"https:\\\/\\\/basicincomeday.org\\\/ubi\\\/cesky-1-kveten-den-zakladniho-prijmu\\\/#breadcrumb\",\"itemListElement\":[{\"@type\":\"ListItem\",\"position\":1,\"name\":\"Home\",\"item\":\"https:\\\/\\\/basicincomeday.org\\\/ubi\\\/\"},{\"@type\":\"ListItem\",\"position\":2,\"name\":\"\u010desky &#8211; 1 kv\u011bten &#8211; Den Z\u00e1kladn\u00edho P\u0159\u00edjmu\"}]},{\"@type\":\"WebSite\",\"@id\":\"https:\\\/\\\/basicincomeday.org\\\/ubi\\\/#website\",\"url\":\"https:\\\/\\\/basicincomeday.org\\\/ubi\\\/\",\"name\":\"Basic Income Day\",\"description\":\"Basic Income is a Human Right\",\"potentialAction\":[{\"@type\":\"SearchAction\",\"target\":{\"@type\":\"EntryPoint\",\"urlTemplate\":\"https:\\\/\\\/basicincomeday.org\\\/ubi\\\/?s={search_term_string}\"},\"query-input\":{\"@type\":\"PropertyValueSpecification\",\"valueRequired\":true,\"valueName\":\"search_term_string\"}}],\"inLanguage\":\"en-US\"}]}<\/script>\n<!-- \/ Yoast SEO plugin. -->","yoast_head_json":{"title":"\u010desky - 1 kv\u011bten - Den Z\u00e1kladn\u00edho P\u0159\u00edjmu - Basic Income Day","robots":{"index":"index","follow":"follow","max-snippet":"max-snippet:-1","max-image-preview":"max-image-preview:large","max-video-preview":"max-video-preview:-1"},"canonical":"https:\/\/basicincomeday.org\/ubi\/cesky-1-kveten-den-zakladniho-prijmu\/","og_locale":"en_US","og_type":"article","og_title":"\u010desky - 1 kv\u011bten - Den Z\u00e1kladn\u00edho P\u0159\u00edjmu - Basic Income Day","og_url":"https:\/\/basicincomeday.org\/ubi\/cesky-1-kveten-den-zakladniho-prijmu\/","og_site_name":"Basic Income Day","article_modified_time":"2015-04-04T13:48:47+00:00","og_image":[{"width":318,"height":302,"url":"https:\/\/basicincomeday.org\/ubi\/wp-content\/uploads\/2015\/02\/CS-purpur-violett.png","type":"image\/png"}],"twitter_misc":{"Est. reading time":"4 minutes"},"schema":{"@context":"https:\/\/schema.org","@graph":[{"@type":"WebPage","@id":"https:\/\/basicincomeday.org\/ubi\/cesky-1-kveten-den-zakladniho-prijmu\/","url":"https:\/\/basicincomeday.org\/ubi\/cesky-1-kveten-den-zakladniho-prijmu\/","name":"\u010desky - 1 kv\u011bten - Den Z\u00e1kladn\u00edho P\u0159\u00edjmu - Basic Income Day","isPartOf":{"@id":"https:\/\/basicincomeday.org\/ubi\/#website"},"primaryImageOfPage":{"@id":"https:\/\/basicincomeday.org\/ubi\/cesky-1-kveten-den-zakladniho-prijmu\/#primaryimage"},"image":{"@id":"https:\/\/basicincomeday.org\/ubi\/cesky-1-kveten-den-zakladniho-prijmu\/#primaryimage"},"thumbnailUrl":"https:\/\/basicincomeday.org\/ubi\/wp-content\/uploads\/2015\/02\/CS-purpur-violett.png","datePublished":"2015-04-02T19:22:40+00:00","dateModified":"2015-04-04T13:48:47+00:00","breadcrumb":{"@id":"https:\/\/basicincomeday.org\/ubi\/cesky-1-kveten-den-zakladniho-prijmu\/#breadcrumb"},"inLanguage":"en-US","potentialAction":[{"@type":"ReadAction","target":["https:\/\/basicincomeday.org\/ubi\/cesky-1-kveten-den-zakladniho-prijmu\/"]}]},{"@type":"ImageObject","inLanguage":"en-US","@id":"https:\/\/basicincomeday.org\/ubi\/cesky-1-kveten-den-zakladniho-prijmu\/#primaryimage","url":"https:\/\/basicincomeday.org\/ubi\/wp-content\/uploads\/2015\/02\/CS-purpur-violett.png","contentUrl":"https:\/\/basicincomeday.org\/ubi\/wp-content\/uploads\/2015\/02\/CS-purpur-violett.png","width":318,"height":302},{"@type":"BreadcrumbList","@id":"https:\/\/basicincomeday.org\/ubi\/cesky-1-kveten-den-zakladniho-prijmu\/#breadcrumb","itemListElement":[{"@type":"ListItem","position":1,"name":"Home","item":"https:\/\/basicincomeday.org\/ubi\/"},{"@type":"ListItem","position":2,"name":"\u010desky &#8211; 1 kv\u011bten &#8211; Den Z\u00e1kladn\u00edho P\u0159\u00edjmu"}]},{"@type":"WebSite","@id":"https:\/\/basicincomeday.org\/ubi\/#website","url":"https:\/\/basicincomeday.org\/ubi\/","name":"Basic Income Day","description":"Basic Income is a Human Right","potentialAction":[{"@type":"SearchAction","target":{"@type":"EntryPoint","urlTemplate":"https:\/\/basicincomeday.org\/ubi\/?s={search_term_string}"},"query-input":{"@type":"PropertyValueSpecification","valueRequired":true,"valueName":"search_term_string"}}],"inLanguage":"en-US"}]}},"_links":{"self":[{"href":"https:\/\/basicincomeday.org\/ubi\/wp-json\/wp\/v2\/pages\/357","targetHints":{"allow":["GET"]}}],"collection":[{"href":"https:\/\/basicincomeday.org\/ubi\/wp-json\/wp\/v2\/pages"}],"about":[{"href":"https:\/\/basicincomeday.org\/ubi\/wp-json\/wp\/v2\/types\/page"}],"author":[{"embeddable":true,"href":"https:\/\/basicincomeday.org\/ubi\/wp-json\/wp\/v2\/users\/1"}],"replies":[{"embeddable":true,"href":"https:\/\/basicincomeday.org\/ubi\/wp-json\/wp\/v2\/comments?post=357"}],"version-history":[{"count":4,"href":"https:\/\/basicincomeday.org\/ubi\/wp-json\/wp\/v2\/pages\/357\/revisions"}],"predecessor-version":[{"id":433,"href":"https:\/\/basicincomeday.org\/ubi\/wp-json\/wp\/v2\/pages\/357\/revisions\/433"}],"wp:featuredmedia":[{"embeddable":true,"href":"https:\/\/basicincomeday.org\/ubi\/wp-json\/wp\/v2\/media\/192"}],"wp:attachment":[{"href":"https:\/\/basicincomeday.org\/ubi\/wp-json\/wp\/v2\/media?parent=357"}],"curies":[{"name":"wp","href":"https:\/\/api.w.org\/{rel}","templated":true}]}}